 - 1/8*k**4 - 1/120*k**6. Calculate j(6).
-6
Let i be (-30)/(-70) - 3224/(-7). Let z(h) = -457 - i + 915 + h**3 + 5*h**2 + h. What is z(-4)?
9
Let j be 8/(-84) + (-774)/(-189). Let k(p) = -25 + 7 + 8 + 7 - 2*p + j. Let c be (1/(1/2))/2. What is k(c)?
-1
Let j(x) = x**3 - 4*x**2 + 3. Let s(w) = 4*w - 63. Let y be s(15). Suppose -2*m - 3 = -h, 0 = -4*m + m + 3*h - 12. Let b = m - y. Calculate j(b).
3
Suppose 1 - 5 = -4*a. Let p(h) = -732*h + 2 + 724*h + h**2 + a. Determine p(6).
-9
Let x = -12 + 17. Suppose 13 = -2*h + 3*q, -x*q + 3 = -22. Let m(g) be the first derivative of -g**2 - 507. Give m(h).
-2
Suppose 2*d - 4*d + 10 = 0, 32 = -3*p + 4*d. Let o(b) = -7*b**2 + 7*b - 2. Let a(m) = -5*m**2 + 6*m - 3. Let i(y) = 4*a(y) - 3*o(y). Give i(p).
-2
Let z(w) = 172*w + 115. Let h(o) = -47*o - 29. Let k(c) = -22*h(c) - 6*z(c). Determine k(32).
12
Let f be 5*(-2 + 0)/2. Let r(h) = -h + 7. Let b(g) be the first derivative of g - 24. Let m(i) = -4*b(i) + r(i). What is m(f)?
8
Let s = -9189 - -9170. Let m(f) = -f**2 - 19*f - 40. Give m(s).
-40
Let p(t) = t**3 + 20*t**2 + 72*t - 52. Let w be p(-15). Let q(m) = m**3 + 8*m**2 + 7*m - 3. Give q(w).
-3
Let g = 34 + -39. Let m(h) be the first derivative of -2*h + 1/3*h**3 - 30 + h**2. Determine m(g).
13
Let u(j) = -9*j + 6. Let f(i) = 6*i - 5. Let n(g) = g + 4. Let q be n(3). Let p(d) = q*f(d) + 5*u(d). Determine p(-5).
10
Let r(j) be the third derivative of -j**5/120 - j**4/24 - 5*j**3/6 - 12*j**2. Let x(p) be the first derivative of r(p). Let i be (-12)/(-8)*(2 - -2). Give x(i).
-7
Suppose 295 = -2*j + 7*j + 3*g, 0 = -j - 3*g + 59. Let x(b) = b - 55 - j + 105. Let u = -11 - -18. Determine x(u).
-2
Let h(q) = -62*q**2 + 61*q - 109. Let j(s) = -23*s**2 + 20*s - 36. Let r(i) = -3*h(i) + 8*j(i). What is r(10)?
9
Let r(w) = 3*w - 32. Suppose -28*d - 9*d = -19*d - 270. Give r(d).
13
Let b be 11 + (-35)/(-15) + 49/(-3). Let w(s) = 2*s**3 + 2*s**2 - 8*s + 4. Give w(b).
-8
Let d be (-2 + (-2)/6)*(-17 + 23). Let a(u) = -13*u - 180. What is a(d)?
2
Suppose 15 = 3*y + 3. Suppose -y*u + 57 = -5*t, 0*u = u + 2*t - 11. Let o(x) = -11 + x + 42 - 14 - u. Calculate o(-7).
-3
Suppose 0 = -3*w + w + 6. Suppose y - w*y + 12 = 0. Let d(p) be the third derivative of -p**4/24 - p**3/3 - 1149*p**2 - p - 5. Determine d(y).
-8
Let p(o) = 28*o - 72*o + 8*o**2 - 1 + 41*o + o**3. Determine p(-9).
-55
Let l(b) = b**3 - 17*b**2 + 32*b - 35. Suppose 6*q + 146 - 461 = -15*q. Determine l(q).
-5
Let j(m) = m**3 - 12*m - 15*m**2 + 2*m - 4*m - 22. Suppose h - 2668 = -4*w - 2628, -5*h + 74 = -w. Determine j(h).
10
Suppose 47*v - 20 = 43*v. Let p(c) = 6*c**2 - 14*c**2 + c**2 + 6*c**2 + 8*c - v. Suppose 8 = f - 4*z, f - z = -4*z + 8. Determine p(f).
-5
Let f(d) = 155*d - 17. Let o(a) = 133*a - 15. Let l(u) = 6*f(u) - 7*o(u). Calculate l(10).
-7
Suppose -d - 22 = 5*a + 2*d, 0 = -3*d + 3. Let s be 50 + (3/4)/(a/(-20)). Let k(w) = s*w - 19*w + 3 + w**2 - 11*w - 16*w. Give k(-7).
3
Suppose -211*i = -70*i + 423. Let y = 21 + -19. Let q(s) = s**2 - 108*s + 0*s**2 + y + 111*s. Calculate q(i).
2
Let r(v) = 26*v - 266. Suppose 176 + 1374 = 74*c + 81*c. Give r(c).
-6
Let n(c) = 4*c - 3. Let a(t) = t**2 + 23*t - 30. Let s(l) = a(l) - 3*n(l). Determine s(-10).
-31
Let l(q) = 21*q - 83. Let z(h) = -84*h + 331. Let y(x) = -9*l(x) - 2*z(x). Calculate y(4).
1
Suppose -3*r - 34330 = -4*c - 34336, 0 = -3*r + 2*c. Let a(p) be the first derivative of p**2/2 - 2*p + 2. What is a(r)?
-4
Let o(h) = 9191 + h**2 - 2*h + 2*h - 9163 - 8*h. Calculate o(5).
13
Let v(s) = -s**2 - 4. Let q(k) = -k**2 - 1. Let x(p) = -2*q(p) + v(p). Let u be (16 + -2 + -2)/1. Let f = -15 + u. Give x(f).
7
Let j(k) be the first derivative of 3/2*k**2 - 10 - k. Let r = -38 - -40. Give j(r).
5
Let y(a) = a - 3. Let f(q) = 5*q + 8 + 2*q + q**2 + 5. Suppose 0 = 8*z + 77 - 61. Let w be f(z). Calculate y(w).
0
Suppose -6*i - 2 = 5*h, 3*h - 145*i + 4 = -150*i. Let j(b) be the first derivative of -7 + 1/4*b**4 + 3*b**h + b - 7/3*b**3. Calculate j(5).
-19
Let r(i) be the third derivative of -i**5/60 + i**4/3 - i**3/3 + 54*i**2. Let o be (-92)/(-22) - 44/242. Determine r(o).
14
Let d(a) = 2*a - 20. Let h be d(11). Let l(j) = -h*j**2 - 3 + 6 - 4 + 2. Let n(t) = -t**3 + 4*t**2 + 10*t + 14. Let y be n(6). Calculate l(y).
-7
Suppose -12*o - 15*o = -26*o - 9. Let m(l) = l**2 + 2*l - 89. Determine m(o).
10
Suppose -o = 6*o - 98. Suppose -2*c = 3*y - 4*c - 14, -o = -4*y + 5*c. Let u(h) = -h**3 + 6*h**2 - 10. Give u(y).
-10
Let o(a) = -7*a - 178. Let n(q) = -q**2 - 24*q + 672. Let w be n(17). Determine o(w).
-3
Let h(f) = 16 + 2 + 53*f**2 - 14*f**2 - 40*f**2. What is h(-5)?
-7
Let v(z) = -12*z - 4. Let o(n) = -7*n - 5. Let s(w) = -3*o(w) + 2*v(w). Calculate s(5).
-8
Let q(i) = -i**2 + 40*i + 80. Let r be (4/(-3) + 2)/((-6)/18). Let y be q(r). Let g(v) be the second derivative of 2*v**3/3 - 3*v**2/2 - v. Give g(y).
-19
Let u(o) = 242*o - 4 - 238*o + 3 + 3. Suppose 0*f - 2*f - 2*q + 4 = 0, q = -2*f + 6. Suppose -f*x + x - 18 = -3*r, 3*r = -x + 10. Determine u(x).
-6
Let u(z) = -4*z - 4 - z**3 + 3*z + 2*z**2 + 2*z**3 - 3*z. Let q = -3325 - -3322. What is u(q)?
-1
Let p(w) = -w**2 + 18*w - 62. Let v be p(4). Let j(o) = -7*o + 7. Let i(k) = -20*k + 19. Let t(y) = v*i(y) + 17*j(y). Calculate t(-5).
0
Let b = -12609 - -12641. Let o(a) = -2*a**2 + 63*a + 23. Give o(b).
-9
Let k be -7*-1*(1 + 0). Let d(v) = -v**3 - 30*v**2 - 76*v + 18. Let n be d(-3). Suppose -11 = -n*h + k. Let r(z) = -z**3 + 5*z**2 + 8*z - 7. Calculate r(h).
5
Let o be (-16)/(-8) - (-13 + 14). Let l(d) = 51*d**3. What is l(o)?
51
Let d(r) = r**3 + 5*r**2 + r + 2. Let b = -165 - -216. Suppose 25 = -56*p + b*p. What is d(p)?
-3
Let g(n) = -2*n**3 + 25*n**2 - 36*n + 33. Let p be g(11). Let q(b) = -4*b + 44. Give q(p).
44
Suppose 13*j = 16*j + 45. Let x = j - -11. Let q(z) = -z**2 - 3*z + 4. What is q(x)?
0
Let c(o) = o**2 - o + 3. Let n be (-1)/((3 + (-15)/6)/(-2)). Suppose -n*f + 2 = 10. Let l(z) = -z + 3. Let w be l(f). Determine c(w).
23
Let f(d) = 3*d + 2. Suppose 7*z - 11 = 24. Let w(c) = 2*c - 2. Let r be w(11). Suppose -o + z*o = r. What is f(o)?
17
Let n = -27 + -2. Let x = -32 - n. Let u(t) be the second derivative of -t**5/20 - t**4/4 + t**3/2 + t**2/2 + 4*t. Give u(x).
-8
Let o(r) be the third derivative of 0 + 1/120*r**6 + 1/24*r**4 - 98*r**2 + 0*r + 1/12*r**5 + 0*r**3. Determine o(-4).
12
Let t(d) = -2*d + 65. Let h be t(20). Suppose 16*m = 9*m. Suppose -h*w + 21*w - 4 = m. Let l(r) = 20*r + 1. Determine l(w).
-19
Let j(r) = 5*r + 12. Suppose -8*l - 3*l + 66 = 0. Let n(d) = -11*d - 26. Let m(y) = l*n(y) + 13*j(y). Give m(5).
-5
Let s(h) = -h - 1. Suppose -177 = 39*r + 525. Let q(a) = 8*a + 9. Let w be (-12)/7 + 6/(-21). Let v(d) = r*s(d) + w*q(d). Determine v(-2).
-4
Let p(r) = -r**3 - 10*r**2 - 4*r + 2. Let j(g) = -3*g**2 - 10*g**2 - 7*g + 5 - 6*g**2 - 2*g**3. Let d = -148 + 152. Let z(y) = d*j(y) - 7*p(y). Calculate z(-6).
6
Let j(m) = m - 4. Let x be (-8)/3*(-33)/22 + -4. Suppose x*v = -3*a + 4*v + 11, a - 3 = 2*v. Determine j(a).
1
Let g(v) = 39 + 8*v**2 - 42 - 5800*v**3 + 4*v + 5801*v**3. Suppose -3*t - 35 = 2*t. Determine g(t).
18
Let w be (4/(-16)*-6)/(6/32). Suppose w*m = -5*m - 13. Let n(v) = -20*v**3 - v - 1. Determine n(m).
20
Let o(t) = -13*t + 1. Suppose -n + 130 = 4*n. Suppose -n*g + 31*g = -25. Let y be -4 + 8 - (0 - g). Give o(y).
14
Let g(m) = 4*m - 3. Let r(f) = 5*f + 1. Let k be r(2). Let d(b) = 12*b - 8. Let j(w) = k*g(w) - 4*d(w). Let h = -10602 + 10603. What is j(h)?
-5
Let g(q) be the second derivative of q**5/10 + 11*q**4/12 + 11*q**3/6 + 3*q**2 - 2*q - 686. Determine g(-4).
10
Let d(z) = -z**3 - 1 - 25*z + 377104*z**2 - 377067*z**2 - 10*z. Determine d(36).
35
Let t(u) = u**3 - u**2 + u + 1. Let z(f) = -3*f**3 + 2*f + 0*f**3 - 3*f - 2*f**2. Let o(a) = t(a) - z(a). Suppose -21*g - 38 + 29 = 12. Determine o(g).
-4
Let f(x) be the third derivative of -x**4/24 + 2*x**2. Let v be f(6). Let w(p) be the second derivative of -p**3/2 - 9*p**2/2 + 1681*p. What is w(v)?
9
Let q(v) = v**3 + 5*v**2 - v - 4. Let m be q(-5). Let t(u) = -8*u + 20. Let d(z) = 11*z - 33. Let g(b) = -3*d(b) - 5*t(b). What is g(m)?
6
Let g(t) = 6*t - t**2 - 33 + 69 - 42. Suppose -2*m + 5*m = 12. What is g(m)?
2
Let s(v) be the first derivative of -v**3/3